 + 2052. What is m(-3)?
-63
Let v(s) = -27*s + 445. Calculate v(10).
175
Let h(c) = -21*c**3 - 81*c**2 + 22*c + 38. Determine h(-4).
-2
Let y(p) = 3*p**2 + 957*p - 6853. Calculate y(7).
-7
Let w(q) = q**3 - 6*q**2 - 38*q + 206. Determine w(5).
-9
Let j(t) = t**3 - 69*t**2 - 264*t + 8670. Calculate j(71).
8
Let u(g) = -203*g + 3466. Calculate u(17).
15
Let b(x) = 15*x**2 + 23*x - 81. What is b(4)?
251
Let l(h) = 51*h + 233. Calculate l(-5).
-22
Let d(l) = -12*l + 429. Give d(34).
21
Let h(i) = -i**2 - 22*i - 301. Determine h(-11).
-180
Let f(y) = -2*y**2 + 68*y - 366. Determine f(27).
12
Let h(s) = -34*s**2 - 17*s - 47. Calculate h(-2).
-149
Let i(p) = 2060*p - 35024. Give i(17).
-4
Let v(q) = q**3 - 11*q**2 + 46*q - 384. Calculate v(10).
-24
Let p(s) = 2*s**3 - s**2 - 10*s - 15. Give p(-2).
-15
Let v(i) = 977*i - 2013. Give v(2).
-59
Let m(n) = n**3 - 8*n**2 + 41*n - 468. Give m(9).
-18
Let y(w) = -15*w**3 + 26*w**2 + 49*w + 6. Determine y(-2).
132
Let t(y) = 3*y**3 + 7*y**2 - 14*y + 151. Give t(6).
967
Let x(i) = 2*i**3 + 25*i**2 - 21*i - 106. Calculate x(-13).
-2
Let a(u) = 42*u - 1653. What is a(38)?
-57
Let q(d) = -6*d**3 - 69*d**2 + 31*d - 46. Calculate q(-12).
14
Let n(m) = -m**3 + 54*m**2 - 644*m - 142. Determine n(36).
2
Let l(x) = x + 6. Give l(9).
15
Let g(w) = -381*w + 2676. Determine g(7).
9
Let o(s) = -207*s - 1451. Calculate o(-7).
-2
Let u(x) = 62*x + 355. Give u(-8).
-141
Let q(p) = -3*p + 7. Give q(45).
-128
Let h(s) = -2*s**3 + 18*s**2 - 209. Determine h(5).
-9
Let j(x) = -21*x - 16. Give j(-2).
26
Let r(c) = c**3 - 14*c**2 + 26*c - 114. Calculate r(12).
-90
Let b(j) = -3*j**3 - 107*j**2 - 113*j - 1466. Calculate b(-35).
39
Let b(k) = -6*k**2 + 665*k + 3304. Calculate b(-5).
-171
Let r(c) = -448*c + 884. What is r(2)?
-12
Let u(f) = -9*f**3 - 15*f**2 + 31*f + 103. Determine u(-3).
118
Let d(k) = 4*k**2 + 70*k - 116. What is d(-19)?
-2
Let v(p) = 448*p - 40. Calculate v(2).
856
Let d(h) = 2*h**2 - 39*h - 65. Calculate d(20).
-45
Let i(r) = -10*r - 651. Determine i(-58).
-71
Let b(p) = p**2 + 874*p + 4322. What is b(-5)?
-23
Let r(v) = -2*v**2 + 773*v - 6032. Give r(8).
24
Let t(i) = -i**3 + 7*i**2 - 9*i + 26. Determine t(6).
8
Let x(g) = 2*g**2 - 11*g - 44. Give x(7).
-23
Let z(b) = -2*b**3 + 7*b**2 - b - 20. Calculate z(3).
-14
Let o(q) = -4*q**3 - 9*q**2 + 117*q + 120. Calculate o(-1).
-2
Let b(t) = -t**3 + 12*t**2 - 13*t + 147. Calculate b(12).
-9
Let x(q) = -4*q**2 + 65*q + 83. Give x(19).
-126
Let z(s) = 3*s**3 - 31*s**2 + 16*s - 56. Calculate z(10).
4
Let c(f) = f**2 + 8*f + 97. Give c(0).
97
Let c(l) = -5*l**3 - l**2 - 5*l - 11. What is c(-4)?
313
Let u(q) = -123*q - 6392. Give u(-52).
4
Let o(k) = 2*k**3 - 13*k**2 + 102*k - 764. Calculate o(7).
-1
Let a(k) = 679*k + 14947. Calculate a(-22).
9
Let t(h) = 6*h**2 - 37*h + 608. Give t(13).
1141
Let f(j) = 140*j + 3060. What is f(-22)?
-20
Let u(j) = 20*j + 621. Give u(-32).
-19
Let d(s) = -56*s**2 + 15*s + 15. Give d(-1).
-56
Let o(v) = -v**2 - 34*v - 215. Determine o(-32).
-151
Let a(r) = -866*r + 133367. Give a(154).
3
Let p(s) = -229*s + 4352. Calculate p(19).
1
Let g(b) = -2*b**3 + 40*b**2 + 7*b - 84. Give g(20).
56
Let r(u) = u**3 - u**2 - 123*u - 99. Calculate r(-10).
31
Let u(w) = -49*w**2 - 12*w - 3. What is u(2)?
-223
Let j(a) = 185*a**2 - 6*a + 5. What is j(1)?
184
Let j(x) = -x**3 - 17*x**2 + 107*x - 149. Calculate j(3).
-8
Let k(z) = 49*z - 184. Determine k(6).
110
Let c(r) = -41*r**2 - 1065*r - 30. Determine c(-26).
-56
Let o(s) = 328*s + 66916. Determine o(-204).
4
Let w(f) = f**2 - 6*f - 24. Give w(9).
3
Let n(w) = 3*w**2 - 3988*w - 11976. Determine n(-3).
15
Let m(a) = 124*a + 1426. Determine m(-16).
-558
Let c(j) = 3*j**3 - 7*j**2 + 31*j - 300. What is c(7)?
603
Let v(q) = 911*q - 4591. Give v(5).
-36
Let q(w) = -30*w + 114. Give q(3).
24
Let r(t) = -t**2 - 1721*t - 5161. Calculate r(-3).
-7
Let v(d) = -9*d - 450. Calculate v(-56).
54
Let h(a) = -18*a**2 - 112*a + 114. What is h(1)?
-16
Let l(s) = 7*s - 229. Determine l(24).
-61
Let d(l) = 714*l - 34251. Give d(48).
21
Let y(o) = 341*o + 27629. Determine y(-81).
8
Let k(m) = -134*m - 8706. Calculate k(-65).
4
Let w(h) = -19*h - 153. Calculate w(-11).
56
Let a(s) = 2*s**3 + 22*s**2 - 125*s - 26. Give a(-15).
49
Let h(w) = 72*w**3 - 144*w**2 + 3*w - 2. Give h(2).
4
Let r(q) = -q**3 + 3*q**2 + 2*q + 5. Calculate r(-3).
53
Let r(i) = -105*i + 326. Calculate r(3).
11
Let v(u) = -u**2 + 103*u + 3515. Determine v(130).
5
Let u(k) = k**3 - 32*k**2 + 30*k + 77. Determine u(31).
46
Let f(t) = t**3 + t**2 - 10*t + 42. What is f(4)?
82
Let p(l) = -38*l - 1587. What is p(-43)?
47
Let p(y) = y**3 - 88*y**2 - 181*y + 212. Determine p(90).
122
Let u(i) = i**3 - 26*i**2 - 5*i + 747. Determine u(25).
-3
Let q(l) = -5*l**2 + 64*l - 146. What is q(9)?
25
Let r(j) = 241*j + 2160. What is r(-9)?
-9
Let t(k) = k**3 + 21*k**2 + 25*k + 84. Calculate t(-20).
-16
Let j(w) = -w**3 - 21*w**2 - 44*w + 46. Give j(-20).
526
Let o(v) = 2*v**2 - 8*v + 41. What is o(3)?
35
Let n(b) = 135*b + 3358. Determine n(-25).
-17
Let i(x) = 5*x**2 + 207*x + 590. What is i(-3)?
14
Let h(w) = 6*w**3 + w**2 + 34*w - 69. Give h(2).
51
Let f(d) = 2*d**3 + 69*d**2 - 5*d - 1. Give f(-3).
581
Let j(t) = 197*t + 33. What is j(0)?
33
Let p(m) = 56*m**2 + 1562*m - 180. Give p(-28).
-12
Let n(p) = -p**2 - 921*p + 19814. Calculate n(21).
32
Let g(r) = -313*r**2 + 322*r + 2. Determine g(1).
11
Let m(u) = -u**3 - 2*u**2 + 62*u - 8. Calculate m(-9).
1
Let f(w) = -37*w - 317. Determine f(-19).
386
Let j(h) = 12*h - 238. Calculate j(-5).
-298
Let g(p) = -22*p + 99. What is g(9)?
-99
Let z(o) = -43*o - 2635. What is z(-61)?
-12
Let p(z) = z**3 + 6*z**2 - 9*z - 14. Calculate p(-8).
-70
Let w(o) = 109*o + 450. What is w(-4)?
14
Let f(y) = 2*y**2 + 87*y + 472. Give f(-37).
-9
Let d(x) = 342*x - 9970. Give d(29).
-52
Let b(w) = -2*w**3 - 19*w**2 + 58*w - 37. Give b(-12).
-13
Let r(v) = 8*v**3 - v**2 + 2*v - 12. Calculate r(2).
52
Let f(x) = 367*x - 1717. Give f(5).
118
Let m(h) = -h**3 + 12*h**2 + 11*h - 10. Calculate m(13).
-36
Let k(r) = -37*r - 153. Calculate k(-4).
-5
Let m(d) = -98*d + 99. Give m(1).
1
Let g(r) = r**3 + 8*r**2 + 11*r + 12. Calculate g(-7).
-16
Let x(m) = 39*m - 72. Determine x(-2).
-150
Let r(q) = 26*q + 1869. Give r(-72).
-3
Let f(h) = -296*h + 110. Determine f(1).
-186
Let p(u) = -197*u - 10434. What is p(-53)?
7
Let u(m) = -42*m - 2763. Give u(-66).
9
Let s(y) = -139*y**3 + 4*y**2 + 3*y. Calculate s(-1).
140
Let l(u) = 78*u**2 - 6*u - 7. Calculate l(-1).
77
Let o(d) = -45*d - 1925. Give o(-45).
100
Let y(q) = 7*q**3 - 14*q**2 - 8*q + 47. What is y(-3)?
-244
Let n(w) = w**3 - 5*w**2 - 3*w + 10. Determine n(5).
-5
Let j(l) = -3*l + 76. Calculate j(-20).
136
Let c(l) = -l**3 - 19*l**2 - 34*l + 66. Calculate c(-17).
66
Let h(y) = -y**3 + 8*y**2 - 28*y + 5. Determine h(6).
-91
Let q(k) = 2*k**3 + 10*k**2 + 4*k + 10. Determine q(-5).
-10
Let v(c) = 6*c + 28. Give v(-3).
10
Let k(o) = o**3 + 109*o + 725. What is k(-6)?
-145
Let r(w) = -23*w + 186. What is r(9)?
-21
Let f(x) = x**2 + x - 103. Give f(6).
-61
Let t(l) = 887*l + 32818. What is t(-37)?
-1
Let g(m) = m**3 - 263*m**2 + 1293*m - 16. Give g(5).
-1
Let r(n) = -n**3 + 10*n**2 + 46*n + 34. Give r(11).
419
Let c(g) = -6*g**3 + 116*g**2 + 230*g + 6. Give c(-2).
58
Let d(z) = 289*z + 14. Determine d(1).
303
Let p(v) = -3*v**2 - 49*v - 17. Determine p(-15).
43
Let z(g) = 15*g**2 - 54*g + 19. Give z(3).
-8
Let k(d) = -2*d**3 + 10*d**2 + 136*d. What is k(-6)?
-24
Let i(b) = 2*b**3 - 11*b**2 - 31*b + 206. Give i(6).
56
Let c(d) = 4*d**2 - 82*d - 92. Determine c(20).
-132
Let h(o) = 2882*o + 28. What is h(0)?
28
Let c(l) = 3*l**3 - 12*l**2 - 9*l + 14. Give c(5).
44
Let r(b) = -338*b - 16243. Determine r(-48).
-19
Let d(o) = 8*o**3 + 248*o**2 + 4*o + 143. What is d(-31)?
19
Let a(q) = 103*q + 1952. What is a(-21)?
-211
Let j(c) = c**2 - 8*c - 41. Give j(10).
-21
Let i(h) = -48*h - 7896. What is i(-165)?
24
Let d(x) = -x**2 + 85*x - 2. What is d(-5)?
-452
Let g(s) = -2*s**3 - 5*s**2 - 13*s - 88. Determine g(-4).
12
Let z(j) = -75*j - 1960. Determine z(-26).
-10
Let f(x) = 12*x**2 - 260*x - 56. Determine f(23).
312
Let i(x) = -3*x**3 + 72*x**2 + x + 145. Give i(24).
169
Let q(c) = -2*c**3 - c**2 - 6*c + 6. 